 x = 37 - 49. Let i be 70/21*x/(-10). Let z(v) = v**3 - 3*v**2 - 5*v - 3. Determine z(i).
-7
Let v(z) be the third derivative of 1/6*z**3 + 9*z**2 + 0*z + 5/24*z**4 + 0. Determine v(-2).
-9
Let a(t) = t + 2. Suppose m = -m - 34. Let v = m - -14. Let p be -2 + 2 + -1 - v. Determine a(p).
4
Let t = 28 - 21. Let d(g) = 0*g - t + 4 + g. Give d(5).
2
Let g be 1 + -2 - (1 - 0). Let x(a) = 6 + 2*a**2 + a**2 + 6*a - 3 - 2*a. Give x(g).
7
Let i = 1364 - 1356. Let c(g) = g**3 - 9*g**2 + 8*g - 3. What is c(i)?
-3
Suppose -2*h = -d - 3, 2*h + 0 = -2*d + 6. Let x(t) = -2*t**3 + t**2 - t. Give x(d).
-2
Suppose -x - 14 = 2*o - 0*o, 2*o - 6 = 4*x. Let z(n) = -n**3 + 2*n**2 - 2*n - 3. Let j(s) = -s**2 + s + 1. Let w(y) = x*j(y) - z(y). Calculate w(-2).
3
Let c(v) = -v**2 - 9*v + 23. Let g = -107 + 96. Calculate c(g).
1
Let a(b) = b**2 + 0*b**2 + 7 + 934*b - 926*b. Let n = -87 - -79. Give a(n).
7
Let v(o) = 4*o**3 + o**2 - 3*o - 3. Let n = -166 + 165. Let r be v(n). Let a(t) = 4*t - 1. What is a(r)?
-13
Let i be ((-76)/266)/((-4)/42). Let a(r) = -3*r - 6. Determine a(i).
-15
Let n(m) = -m**3 - 10*m**2 + 6*m + 2. Let r(q) = -q**3 - 9*q**2 + 6*q + 2. Let y(c) = 3*n(c) - 4*r(c). Calculate y(-6).
34
Let h(f) = -3*f + 1. Suppose -25 = 5*l, 3*x - 4*l - 45 = -13. What is h(x)?
-11
Let o(x) = -9*x - 4. Let w(a) = 17*a + 5. Let j(f) = 11*o(f) + 6*w(f). Determine j(7).
7
Let o(j) = -5*j**2 + 3*j**2 - j - 8*j**3 + j**2 + 0*j**2. Suppose -2*y = -15*y - 13. What is o(y)?
8
Suppose -135*m = -131*m. Let q(l) = l**2 - l + 9. Determine q(m).
9
Suppose 5*g + 6 - 31 = 0. Suppose -r - g = -0*r. Let d(l) = l**2 + 11*l - 5. Let m(j) = j**2 + 10*j - 4. Let x(w) = -3*d(w) + 4*m(w). What is x(r)?
-11
Suppose 6*r + 4 = -20. Let a(x) = 4*x + 8. Let l(o) = -21*o - 44. Let c(y) = -11*a(y) - 2*l(y). Determine c(r).
8
Let d(h) be the third derivative of h**6/120 - 7*h**5/60 + h**4/24 + 2*h**3/3 + h**2. Let c(o) = o + 28. Let g be c(21). Suppose 6*i - g = -i. Determine d(i).
11
Suppose -g + 3 = -2*b, 2*g - 3*g - 4*b + 3 = 0. Let s(t) = 12 + g*t + t**2 + 3*t - 3. Calculate s(-6).
9
Let c(w) = -w**3 - 9*w**2 - 5*w + 10. Suppose 2 = z + q, -5*z - 3*q + 2 = -2*q. Let y(k) = k**2 - 5*k - 8. Let o be y(z). Determine c(o).
-14
Let f(w) be the first derivative of 41*w**2/2 + 2*w + 273. What is f(-1)?
-39
Let t be (-8)/10*(-540)/72. Let c(g) = 7 + 0*g**3 - 2 + 7*g**2 - 3*g - g**3. What is c(t)?
23
Let t = 28 - 10. Let a = t - 15. Let h(l) = 1 + a*l - 2*l - 2 - 1 + l**2. Calculate h(-4).
10
Let i(w) = 9*w + 27. Let k(f) = -8*f - 24. Let y(o) = 5*i(o) + 6*k(o). Calculate y(-5).
6
Let q(b) = -2 - 3 + 1 + 1 - 6*b + 5*b. Determine q(3).
-6
Let k(i) = -i**2 - 3*i + 4. Let v be (-25)/(-9) - (-12)/54. Suppose c = -2*m - v, 0*m + 3*m + 12 = -4*c. Let s = -3 - m. Determine k(s).
4
Let s = -428 - -433. Let o(v) = v**2 - 7*v + 13. Determine o(s).
3
Suppose -b - 2*a - 5 = 0, 6*b + 5*a = 5*b + 4. Let i(l) = l**2 + 8*l + 7. What is i(b)?
40
Let r(j) = -j**2 + 4*j - j - 16*j + 1. Give r(-12).
13
Let b(l) = -l**3 + 10*l**2 - 3. Let q(h) = -h + 12. Let w be q(8). Let y be ((-52)/12 + w)*-30. Calculate b(y).
-3
Let y(z) = 3*z - 4. Let a(c) = 4*c - 6. Let m(g) = -5*a(g) + 7*y(g). Calculate m(-6).
-4
Let z(u) = -u**3 - 9*u**2 - 9*u - 5. Let t be z(-8). Let c be 4/(-5 + t + 3). Let j(d) = -3*d - 4. Let m(l) = -l. Let x(s) = j(s) - 4*m(s). Calculate x(c).
0
Let m(r) = -26*r**2 + 12*r - 13. Let p(q) = -35*q**2 + 13*q - 13. Let c(x) = -4*m(x) + 3*p(x). What is c(-12)?
-23
Let u = 0 - -4. Suppose d - 5 = -u*d. Let c(m) = 2*m**2 + 2*m**3 - 2*m**3 - m - m**3 + d. What is c(2)?
-1
Let d(t) = 3*t + 13. Suppose -5*x + 19 = -3*k - x, -4 = k + x. Let p be d(k). Let n(i) = i**3 - i**2. Give n(p).
-12
Let s(d) = -2*d + 25. Let v be s(-5). Let j(a) = 6*a**3 + 13*a**3 + 6*a**2 + 17*a**3 - 10 - v*a**3 - 11*a. What is j(-7)?
18
Let i be (-4)/(7 - (-24)/40*-11). Let c(v) = -v**3 - 11*v**2 - 14*v - 23. Determine c(i).
17
Let x be ((-32)/112)/(2/(-7)). Let w(l) = -13*l**3 + 2*l - 1. What is w(x)?
-12
Let w be (-4 - (5 + -3 - 4)) + -6. Let f(n) = -n**2 + 11*n - 3. Let j(p) = -2*p**2 + 17*p - 5. Let o(q) = w*f(q) + 5*j(q). Determine o(-2).
-3
Let i(q) = q**2 - 2*q - 29. Let b be (6 + (-255)/39)*-13. Determine i(b).
6
Let i = -2/611 - -623/3666. Let u(z) be the second derivative of 0 - 1/12*z**4 - 2*z**2 - 1/20*z**5 + 6*z - i*z**3. What is u(0)?
-4
Let d(q) = -q**3 + q**2 - 1. Let s(j) = -7*j**3 + 4*j**2 - j - 6. Suppose -5*g + 68 - 23 = 0. Let i = -10 + g. Let t(p) = i*s(p) + 5*d(p). Determine t(-1).
-1
Let j(h) = 4*h**3 + 2*h**2 + h - 2. Suppose 2*d = -c + 42 - 41, c + 5*d - 1 = 0. Give j(c).
5
Suppose 4*z = 2*z + 2*c - 90, -2*c + 137 = -3*z. Let h = -43 - z. Let k(w) be the second derivative of -w**3/6 - w. Determine k(h).
-4
Let t be -11 - -3 - (-40)/4. Let u(f) be the third derivative of 6*f**t + 7/60*f**5 - 1/120*f**6 + 0 - 5/24*f**4 + 0*f - 2/3*f**3. Calculate u(6).
2
Let m = 270 + -264. Let f(p) be the second derivative of -p**7/2520 + p**6/180 + p**5/15 + p**4/6 - p. Let z(b) be the third derivative of f(b). Calculate z(m).
-4
Let t(f) = 15*f + 3 - 33*f + 9 + 22*f. Determine t(-4).
-4
Let a be (-3)/(-9) - (-92)/12. Let x = a + -12. Let b(m) = -m**3 - 4*m**2 - m - 2. Give b(x).
2
Suppose -6*f + 518 = -196. Let h(c) = f*c - 9*c**2 + 1 - 119*c. Suppose 5*q - 7 = -2. Determine h(q).
-8
Let u(z) = 3*z - 4. Let t be u(2). Let v(x) = 37*x**3 + 4*x + 15. Let b(k) = -17*k**3 - 2*k - 7. Let d(l) = 13*b(l) + 6*v(l). Determine d(t).
3
Let c be 60/(-27) - (-2)/9. Suppose 4*g - 2*q = 18, 2*g + 6 = g - 3*q. Let s(l) = -l + 2*l - 8*l + 3*l - l**g - 3 - 5*l**2. Calculate s(c).
-7
Let j = -9 + 9. Suppose -4*w + 4 = -j*w. Let a(k) = 5*k + 1. Determine a(w).
6
Let z(m) be the first derivative of -m**3/3 - m - 54. Determine z(2).
-5
Let t(g) = 2*g**2 + 6*g - 1. Let z(v) = -v**2 - v + 5. Let d(s) = -s**2 - s + 5. Let o(x) = -3*d(x) + 2*z(x). Let h be o(0). Determine t(h).
19
Suppose i - 2*s = 843, -i - 2*i - 2*s + 2505 = 0. Let u(a) = -a**2 + i - a - 430 - 419. What is u(0)?
-12
Let c(h) = -4 - h**2 - 4*h**2 + h**3 - 2 - h. Let x = -1530 - -1535. Calculate c(x).
-11
Let n(g) be the second derivative of 0 + 1/6*g**3 - 6*g + g**2. Suppose -2*q + 4*z = -12, z - 1 = q - 3. Determine n(q).
0
Let p(k) = k + 1. Let x be p(3). Suppose -5*w + 7*f = x*f + 12, f = 4*w + 11. Let u(l) = 4*l**3 + 3*l + 0 + 0 + 4*l**2 - 3*l**3. Determine u(w).
0
Suppose r - 7 = -5. Let g(z) = 10 + 18*z - z**3 - 2*z**2 - 8*z**2 - 6*z**r + 0*z**2. Let y be g(-17). Let q(t) = -t**3 - 8*t**2 - 7*t + 8. Determine q(y).
8
Let w(f) be the second derivative of f**4/24 + 2*f**3/3 - f**2 + 2*f. Let y(i) be the first derivative of w(i). Suppose -6*x = 9*x + 120. Calculate y(x).
-4
Let u(o) = o**2 - 2*o. Let q(r) = r + 19. Suppose -4*f + 72 = -8*f - 2*p, -38 = 2*f + 2*p. Let y be q(f). What is u(y)?
0
Let f(j) = -4*j**2 + j + j - j**3 - 2*j - 2*j + 1. Let r(l) = -52*l - 314. Let d be r(-6). What is f(d)?
-3
Let i(d) = -2*d + 7. Let s(f) = 3*f - 13. Let a(v) = -5*i(v) - 3*s(v). Suppose -5*l - 8 = -4*r, 24 = -3*l - r - 3*r. Determine a(l).
0
Let u(p) be the second derivative of 5/2*p**2 + 0 - 1/12*p**4 - 5/6*p**3 + 28*p. What is u(-6)?
-1
Let b = 195 - 188. Let l(y) = y**2 - 7*y + 2. Calculate l(b).
2
Let a(w) be the second derivative of w**4/6 + 7*w**3/2 + 3*w**2 - 17*w - 5. What is a(-10)?
-4
Let m(d) be the first derivative of -d**6/120 + 7*d**5/60 - d**4/3 + d**3/2 + d**2/2 - 7. Let x(p) be the second derivative of m(p). What is x(5)?
13
Suppose -4*q - 18 = -2*o - 60, o = -4*q + 33. Let b(u) = u**2 - 9*u + 1. What is b(q)?
1
Let l(v) be the first derivative of v - 11 - 1/3*v**3 + v**2. Determine l(4).
-7
Let w(x) = 0*x**2 - 280*x + 20 - 9*x**2 + 277*x + x**3 + 0*x**2. Give w(9).
-7
Let q(c) = c + 7. Let i(g) = g**2 - g. Let f(a) = 2*a**2 - 20*a + 11. Let j(v) = f(v) - 3*i(v). Let l be j(-18). What is q(l)?
0
Suppose 26 = 4*j - 22. Let a(l) = 7 - 4 - j - l**2 - 8*l. Determine a(-8).
-9
Let v(w) be the second derivative of w**5/20 - w**4/24 - w**3/3 + w**2 + 13*w. Let n(g) be the first derivative of v(g). Determine n(2).
8
Let u(q) = 4*q - 4*q + 211 - 211 + 2*q. What is u(-1)?
-2
Let u(f) be the second derivative of f**4/12 - f**3 - f**2 + 256*f. Calculate u(6).
-2
Let t be ((-110)/15)/(-11) + (-